i = -g*q + 270. Calculate the highest common factor of q and 18.
18
Suppose -2*g = -g - 6. Let j be 8/g - 1/3. Let u be (9/4)/(j/12). What is the highest common divisor of 3 and u?
3
Suppose -2*k + 27 = -k. Let m = -35 + 53. What is the highest common divisor of k and m?
9
Let b(n) = n**3 - 8*n**2 + 13*n + 12. Let d be b(9). What is the highest common divisor of 30 and d?
30
Let n = 5 + -5. Suppose 4*p + 67 = u, n = -5*u + u - 5*p + 310. Calculate the highest common factor of u and 30.
15
Suppose 0 = -5*i + l + 38, -l + 4*l - 46 = -5*i. What is the greatest common factor of i and 40?
8
Let v = -4 - -4. Suppose p - 30 - 7 = v. Suppose -4*g - g - 4*r = -28, 5*g + r - p = 0. What is the greatest common factor of g and 4?
4
Let n = 6 + 27. Calculate the greatest common divisor of 44 and n.
11
Suppose 0 = -4*z - 0*z + 332. Suppose 4*g = z + 29. Let a(m) = -12*m - 22. Let n be a(-3). What is the greatest common divisor of n and g?
14
Suppose -3*s = 2*m + 101, -4*s - 143 = 2*m - m. Let w = 34 - 93. Let l = s - w. Calculate the greatest common divisor of l and 33.
11
Suppose -3*g = 5*p + 4, 4*g = -3*p - p. Suppose -2*a = -5*d + 79 - 244, -g*a + 157 = 3*d. Calculate the greatest common divisor of 10 and a.
10
Suppose -i = 2*i. Suppose i*c = 3*c - 57. Calculate the highest common factor of c and 95.
19
Let m be (-98)/(-10) - 4/(-20). Calculate the greatest common factor of m and 50.
10
Suppose 0 = -h - 4*s - 14, 2*s - 4 = -5*h - 2. What is the highest common factor of 2 and h?
2
Suppose 2*b + 0*b + 2 = 0. Let u be -1 - (2 - 16) - b. Suppose 0 = -5*o - 3*z + 57, 2*o + 4 - u = 2*z. Calculate the highest common factor of o and 45.
9
Let m = -74 - -130. What is the greatest common factor of 140 and m?
28
Let a(k) = k**2 + 14*k + 4. Let w be a(-15). What is the highest common divisor of 95 and w?
19
Let x = 25 - 12. Let q = x - 1. Calculate the greatest common divisor of 4 and q.
4
Let g(t) = -t + 1. Let o = -13 - -7. Let h be g(o). Suppose 0 = -5*c + 195 + 50. What is the highest common divisor of h and c?
7
Suppose 64 = 2*q - 6. What is the highest common factor of q and 56?
7
Suppose 6 = 3*w - 6*w. Let l be 32 - 6/(-1 + w). What is the greatest common factor of l and 51?
17
Suppose -4*x - 2*f = -54, 0*x - 28 = -2*x - 2*f. Calculate the greatest common factor of 143 and x.
13
Let q be (2 - 15/9)*21. Suppose 4*b + y = 371, 169 = 2*b + 2*y - q*y. Suppose 3*j + 3 = -0*j, 2*j + b = 2*k. What is the greatest common divisor of k and 18?
9
Let n = -58 - -68. Suppose 0 = -g + 4*g - 18. Suppose g*u - u - 75 = 0. What is the highest common divisor of u and n?
5
Suppose p = 3*p - 42. Suppose -5*y + 41 = -29. What is the highest common divisor of y and p?
7
Let q(m) = m**2 + m + 24. Let h be q(0). What is the greatest common factor of h and 8?
8
Suppose -4*p + 98 = -46. Suppose -x = 6 - 18. What is the highest common divisor of x and p?
12
Let l(t) = -t**2 + 9*t + 11. Let m be l(10). Let s be 2015/39 - m/(-3). Calculate the highest common factor of s and 13.
13
Suppose -a + 3*r + 5 - 20 = 0, -5 = -r. Suppose h - 6 = -a*h. Let s be -3*1*(-52)/h. What is the highest common factor of s and 13?
13
Let d be 4 + ((-3)/(-3) - -7)/1. What is the highest common factor of 8 and d?
4
Suppose t - 3 - 10 = -4*u, -5*t + 175 = -2*u. What is the highest common factor of t and 11?
11
Suppose -2*c = -0 - 6. Let v(y) = 2*y**3 + 5*y**2 - 5*y + 3. Let h be v(c). Calculate the highest common factor of 58 and h.
29
Let b = 12 - 10. Suppose -3*z + 20 = b*k + 2*z, k + 4*z = 4. Calculate the highest common divisor of 4 and k.
4
Let d(w) = -w - 2. Let a be d(0). Let p = a - -2. Suppose 2*x + p - 18 = 0. What is the highest common divisor of x and 63?
9
Let b(g) = 17*g**2 - g. Let v be b(1). Suppose 2*r + w = 7, 0*r - r + 3*w - 7 = 0. What is the greatest common divisor of r and v?
2
Let g(k) = -k - k**2 + 1 + 9 + 0*k. Let i be g(0). Suppose 36 = 4*o - 4*p, -2*o - p = -4*o + 13. Calculate the highest common divisor of i and o.
2
Let n(u) = -u**3 - 4*u**2 - 7*u - 5. Let f be n(-5). Suppose 4*g - f = -g. Calculate the greatest common divisor of 11 and g.
11
Let i(k) = k - 1. Let o be (-26)/(-10) - 6/(-15). Let d be i(o). Let u = 30 + -14. Calculate the highest common divisor of d and u.
2
Suppose 0 = 6*q - q - 5. Let v be q*(0 - -5) + 0. Suppose 3*h = 2*p + p + 27, 63 = 4*h + v*p. Calculate the highest common factor of h and 60.
12
Let l = -31 + 35. Suppose -i = -3*f - 0*f + 33, -i + 7 = f. What is the greatest common factor of f and l?
2
Let p(l) be the first derivative of 5 - 2/3*l**3 + 1/2*l**2 + 0*l + 21/4*l**4. Let d be p(1). What is the highest common divisor of 50 and d?
10
Suppose -124 = 4*w + x + 3*x, x + 127 = -4*w. Let r = w + 53. What is the highest common factor of r and 126?
21
Let n be (-2)/(-6) + 3/(-9). Suppose -p - 2*p + 3 = n. Suppose -2*f + 4*f + 4*s = 6, -4*f = -2*s - 22. Calculate the highest common divisor of p and f.
1
Suppose 26 = 5*h + 1, 2*b - 2*h - 32 = 0. Let t = -6 - -22. Suppose -v = -3*r + t, v + v = -r + 17. Calculate the greatest common divisor of b and r.
7
Let a be (6/4)/(9/24). Suppose -575 = -a*n - n. What is the highest common divisor of n and 46?
23
Let g be (4/(-3))/(3/(-36)). What is the greatest common divisor of g and 16?
16
Let v(s) = 27*s + 14. Let c(g) = 9*g + 5. Let p(n) = -7*c(n) + 2*v(n). Let w be p(-6). Let u = -27 + w. What is the greatest common factor of u and 100?
20
Let y = 65 + -45. What is the highest common divisor of 100 and y?
20
Suppose 0 = 3*g - 12 + 33. Let j = 18 + g. Let q be (2 + 4)*(0 + 11). What is the highest common factor of j and q?
11
Let t be 5 - -1*(2 - 1). Calculate the highest common factor of 3 and t.
3
Suppose -s + 20 = -5*n - 3, -s + 5 = n. Let l be ((-2)/(-3))/(s/108). Calculate the greatest common factor of 18 and l.
9
Let z = 29 - -111. What is the greatest common divisor of z and 56?
28
Let r(v) = -5*v + 6. Let w be r(-6). What is the highest common factor of 9 and w?
9
Let j be (0 + -3)/(-1) + 77. Suppose -2*g - j = -4*g. Calculate the highest common factor of 8 and g.
8
Suppose -4*r = -5*j + 36, r + 28 = 3*j - 3*r. Suppose -4*o = -j*p + 2*p + 174, 3*p = -4*o + 251. What is the greatest common divisor of 34 and p?
17
Suppose -4*l + 24 + 4 = 0. What is the highest common divisor of 7 and l?
7
Suppose -u = -5*u - 564. Let b = 285 + u. What is the highest common divisor of b and 18?
18
Suppose -3*i - 5*c = 265, -89 = i - 2*c + 4*c. Let g be -1*0/(-2) - i. What is the highest common factor of g and 34?
17
Suppose 22*x = 14*x + 728. Suppose -3*a + 16 = -23. What is the highest common factor of a and x?
13
Suppose b - 3*t + 0*t - 17 = 0, 0 = -2*t - 6. Calculate the greatest common divisor of b and 88.
8
Let c = -34 + 36. Calculate the highest common divisor of c and 10.
2
Let v be 180/35 - 2/14. Let y = -20 + 13. Let s = v - y. Calculate the greatest common divisor of s and 48.
12
Suppose -3*w + 2*w + 172 = 3*g, 4*w = -2*g + 128. Let l = 1 - 2. Let m be l + 8 - (-3 + 3). What is the highest common divisor of m and g?
7
Suppose -3 = 5*h + 2. Let u = 65 + h. What is the greatest common factor of 16 and u?
16
Let g(q) = q**2 + 5*q - 6. Let s be g(-9). Calculate the greatest common factor of 50 and s.
10
Let q be (-2)/(-2)*(-4 - -3). Let w be (66/(-15))/(q/5). Let o = -16 + w. What is the greatest common divisor of o and 42?
6
Let u(a) = 3*a**3 + 2*a - 15. Let o be u(3). What is the highest common divisor of o and 8?
8
Let p = 63 + -57. What is the highest common divisor of 8 and p?
2
Suppose -165 = -4*p + 4*t + 75, 5*p + 2*t = 328. Let w be (-2 - 6)/(0 - 1). Calculate the greatest common factor of p and w.
8
Suppose 231 = 5*s + 6*s. Calculate the greatest common factor of 147 and s.
21
Suppose 0 = 2*p + 4*y - 72, 4*p = -0*y - y + 137. What is the greatest common factor of 17 and p?
17
Let r = -8 + 5. Suppose 38*p - 33*p + 45 = 0. Let f = r - p. Calculate the highest common factor of f and 6.
6
Suppose -2*t - 1 = -5. Let r(h) = 9*h + 0*h**t - 1 - 9 - 5*h**2 + 4*h**2. Let d be r(7). Calculate the greatest common divisor of d and 20.
4
Let y be (4*7/4)/1. Let r(m) = 6*m**2 - m - 2. Let j be r(3). Calculate the greatest common factor of y and j.
7
Let l = 17 - 12. Let r = -10 - -9. Let d be 2/r - 12/(-4). Calculate the hi